{"id":27,"date":"2014-02-18T18:29:17","date_gmt":"2014-02-18T18:29:17","guid":{"rendered":"http:\/\/pazguillen.com\/?page_id=27"},"modified":"2024-05-14T16:46:00","modified_gmt":"2024-05-14T16:46:00","slug":"sobre-mi","status":"publish","type":"page","link":"https:\/\/www.pazguillen.com\/en\/sobre-mi\/","title":{"rendered":"Biograf\u00eda"},"content":{"rendered":"<div class=\"wpb-content-wrapper\"><div class=\"vc_row wpb_row vc_row-fluid vc_column-gap-35 vc_row-o-full-height vc_row-o-columns-middle vc_row-o-equal-height vc_row-o-content-middle vc_row-flex\"><div class=\"wpb_column vc_column_container vc_col-sm-8\"><div class=\"vc_column-inner\"><div class=\"wpb_wrapper\">\n\t<div class=\"wpb_text_column wpb_content_element\" >\n\t\t<div class=\"wpb_wrapper\">\n\t\t\t<p><strong>Paz Guill\u00e9n<\/strong> fotograf\u00eda el mundo que le conmueve, inspira y apasiona. Sus retratos de actores, mujeres embarazadas, ni\u00f1os y familias as\u00ed como sus reportajes est\u00e1n caracterizados por un estilo fresco y espont\u00e1neo muy personal.<\/p>\n\n\t\t<\/div>\n\t<\/div>\n<div class=\"vc_empty_space\"   style=\"height: 32px\"><span class=\"vc_empty_space_inner\"><\/span><\/div>\n\t<div class=\"wpb_text_column wpb_content_element\" >\n\t\t<div class=\"wpb_wrapper\">\n\t\t\t<blockquote>\n<p>\u00abAmo lo que hago. La fotograf\u00eda es m\u00e1s que captar una imagen a trav\u00e9s de los ojos, es mirar con el coraz\u00f3n y dejarte llevar por ese momento \u00fanico e intimo. Me inspira la gente de la calle, sentir los paisajes serenos, la sonrisa de un ni\u00f1o, las manos llenas de vida de un anciano\u00bb.<\/p>\n<\/blockquote>\n\n\t\t<\/div>\n\t<\/div>\n<div class=\"vc_empty_space\"   style=\"height: 32px\"><span class=\"vc_empty_space_inner\"><\/span><\/div>\n\t<div class=\"wpb_text_column wpb_content_element\" >\n\t\t<div class=\"wpb_wrapper\">\n\t\t\t<p><span style=\"font-size: 14px;\">Desde hace 10 a\u00f1os trabaja c\u00f3mo fot\u00f3grafa para agencias de publicidad y editoriales, creando im\u00e1genes \u00fanicas para distintos sectores profesionales. Y desarrolla una labor de consultor\u00eda visual corporativa para empresas internacionales.<\/span><\/p>\n\n\t\t<\/div>\n\t<\/div>\n<\/div><\/div><\/div><div class=\"wpb_column vc_column_container vc_col-sm-4\"><div class=\"vc_column-inner\"><div class=\"wpb_wrapper\">\n\t<div  class=\"wpb_single_image wpb_content_element vc_align_center  wpb_animate_when_almost_visible wpb_fadeIn fadeIn\">\n\t\t\n\t\t<figure class=\"wpb_wrapper vc_figure\">\n\t\t\t<div class=\"vc_single_image-wrapper   vc_box_border_grey\"><img loading=\"lazy\" decoding=\"async\" width=\"307\" height=\"448\" src=\"https:\/\/www.pazguillen.com\/wp-content\/uploads\/2014\/02\/paz-guillen-fotografa-1.jpg\" class=\"vc_single_image-img attachment-full\" alt=\"paz-guillen-fotografa\" title=\"paz-guillen-fotografa\" srcset=\"https:\/\/www.pazguillen.com\/wp-content\/uploads\/2014\/02\/paz-guillen-fotografa-1.jpg 307w, https:\/\/www.pazguillen.com\/wp-content\/uploads\/2014\/02\/paz-guillen-fotografa-1-206x300.jpg 206w\" sizes=\"auto, (max-width: 307px) 100vw, 307px\" \/><\/div>\n\t\t<\/figure>\n\t<\/div>\n<\/div><\/div><\/div><\/div>\n<\/div>","protected":false},"excerpt":{"rendered":"Paz Guill\u00e9n fotograf\u00eda el mundo que le conmueve, inspira y apasiona. Sus retratos de actores, mujeres embarazadas, ni\u00f1os y familias as\u00ed como sus reportajes est\u00e1n caracterizados por un estilo fresco y espont\u00e1neo muy personal. \"Amo lo que hago. La fotograf\u00eda &hellip; <a href=\"https:\/\/www.pazguillen.com\/en\/sobre-mi\/\">Continued<\/a>","protected":false},"author":1,"featured_media":0,"parent":0,"menu_order":0,"comment_status":"closed","ping_status":"open","template":"page-fullwidth.php","meta":{"footnotes":""},"class_list":["post-27","page","type-page","status-publish","hentry"],"_links":{"self":[{"href":"https:\/\/www.pazguillen.com\/en\/wp-json\/wp\/v2\/pages\/27","targetHints":{"allow":["GET"]}}],"collection":[{"href":"https:\/\/www.pazguillen.com\/en\/wp-json\/wp\/v2\/pages"}],"about":[{"href":"https:\/\/www.pazguillen.com\/en\/wp-json\/wp\/v2\/types\/page"}],"author":[{"embeddable":true,"href":"https:\/\/www.pazguillen.com\/en\/wp-json\/wp\/v2\/users\/1"}],"replies":[{"embeddable":true,"href":"https:\/\/www.pazguillen.com\/en\/wp-json\/wp\/v2\/comments?post=27"}],"version-history":[{"count":5,"href":"https:\/\/www.pazguillen.com\/en\/wp-json\/wp\/v2\/pages\/27\/revisions"}],"predecessor-version":[{"id":1865,"href":"https:\/\/www.pazguillen.com\/en\/wp-json\/wp\/v2\/pages\/27\/revisions\/1865"}],"wp:attachment":[{"href":"https:\/\/www.pazguillen.com\/en\/wp-json\/wp\/v2\/media?parent=27"}],"curies":[{"name":"wp","href":"https:\/\/api.w.org\/{rel}","templated":true}]}}

Biografía

<div class="wpb-content-wrapper"><div class="vc_row wpb_row vc_row-fluid vc_column-gap-35 vc_row-o-full-height vc_row-o-columns-middle vc_row-o-equal-height vc_row-o-content-middle vc_row-flex"><div class="wpb_column vc_column_container vc_col-sm-8"><div class="vc_column-inner"><div class="wpb_wrapper">
	<div class="wpb_text_column wpb_content_element" >
		<div class="wpb_wrapper">
			<p><strong>Paz Guillén</strong> fotografía el mundo que le conmueve, inspira y apasiona. Sus retratos de actores, mujeres embarazadas, niños y familias así como sus reportajes están caracterizados por un estilo fresco y espontáneo muy personal.</p>

		</div>
	</div>
<div class="vc_empty_space"   style="height: 32px"><span class="vc_empty_space_inner"></span></div>
	<div class="wpb_text_column wpb_content_element" >
		<div class="wpb_wrapper">
			<blockquote>
<p>«Amo lo que hago. La fotografía es más que captar una imagen a través de los ojos, es mirar con el corazón y dejarte llevar por ese momento único e intimo. Me inspira la gente de la calle, sentir los paisajes serenos, la sonrisa de un niño, las manos llenas de vida de un anciano».</p>
</blockquote>

		</div>
	</div>
<div class="vc_empty_space"   style="height: 32px"><span class="vc_empty_space_inner"></span></div>
	<div class="wpb_text_column wpb_content_element" >
		<div class="wpb_wrapper">
			<p><span style="font-size: 14px;">Desde hace 10 años trabaja cómo fotógrafa para agencias de publicidad y editoriales, creando imágenes únicas para distintos sectores profesionales. Y desarrolla una labor de consultoría visual corporativa para empresas internacionales.</span></p>

		</div>
	</div>
</div></div></div><div class="wpb_column vc_column_container vc_col-sm-4"><div class="vc_column-inner"><div class="wpb_wrapper">
	<div  class="wpb_single_image wpb_content_element vc_align_center  wpb_animate_when_almost_visible wpb_fadeIn fadeIn">
		
		<figure class="wpb_wrapper vc_figure">
			<div class="vc_single_image-wrapper   vc_box_border_grey"><img loading="lazy" decoding="async" width="307" height="448" src="https://www.pazguillen.com/wp-content/uploads/2014/02/paz-guillen-fotografa-1.jpg" class="vc_single_image-img attachment-full" alt="paz-guillen-fotografa" title="paz-guillen-fotografa" srcset="https://www.pazguillen.com/wp-content/uploads/2014/02/paz-guillen-fotografa-1.jpg 307w, https://www.pazguillen.com/wp-content/uploads/2014/02/paz-guillen-fotografa-1-206x300.jpg 206w" sizes="auto, (max-width: 307px) 100vw, 307px" /></div>
		</figure>
	</div>
</div></div></div></div>
</div>

Paz Guillén fotografía el mundo que le conmueve, inspira y apasiona. Sus retratos de actores, mujeres embarazadas, niños y familias así como sus reportajes están caracterizados por un estilo fresco y espontáneo muy personal. "Amo lo que hago. La fotografía &hellip; <a href="https://www.pazguillen.com/en/sobre-mi/">Continued</a>
